 s(11) is divided by p/(-4*1) - -7.
5
Suppose 0 = 3*c - 4*g - 27, 4*c = 3*g - 7*g + 64. Calculate the remainder when 48 is divided by c.
9
Let c(i) = i**2 - 10*i + 21. Let k be c(9). Suppose 3*z = -k + 102. Suppose 0 = 2*p + p - z. Calculate the remainder when 16 is divided by p.
6
Let b = 56 - 11. Suppose -15*v + b = -10*v. Calculate the remainder when 35 is divided by v.
8
Let h = 22 - 5. Let p(g) = g**2 - 13*g + 17. Calculate the remainder when h is divided by p(12).
2
Suppose 6*j - 8 = 4. Suppose -10 = -j*t + t. Suppose t*w - 13*w = -60. Calculate the remainder when w is divided by 11.
9
Suppose 3*f = -5*q + 67, -3*q - 31 = 5*f - 116. Suppose -4*d + 9 = g, -4 = -6*d + 2*d. Calculate the remainder when f is divided by g.
4
Let r = 7 - 1. Let l = 1386 + -1376. What is the remainder when l is divided by r?
4
Let k(x) = -2*x**2 - 14*x + 12. Let a(w) = 5*w**2 + 41*w - 36. Let r(v) = 3*a(v) + 8*k(v). What is the remainder when 21 is divided by r(9)?
3
Let n(w) = -6*w - 2 + 2 - 1. Let f = 5 - 7. What is the remainder when 32 is divided by n(f)?
10
Let p(h) = 26*h - 321. What is the remainder when p(23) is divided by 31?
29
Let m(a) be the third derivative of a**6/60 + a**5/60 + a**3/6 + 21*a**2. Calculate the remainder when m(3) is divided by 11.
9
Suppose 3*t - 6*t = -81. What is the remainder when (10/20)/((-5)/(-1070)) is divided by t?
26
Suppose 2*n + 8 = 0, -5*b + 2*n + 2*n + 61 = 0. Suppose -2*g = 3*g + 4*c - 85, 5*c - 51 = -2*g. What is the remainder when g is divided by b?
4
Suppose -g - 2*d = -38 - 15, 2*g - 4*d - 98 = 0. What is the remainder when g is divided by 28?
23
Let t be 6/(5/2 - 1). Let l(f) = 4 - 8*f - 7*f - 8*f + 26*f. What is the remainder when 46 is divided by l(t)?
14
Let g(x) = -x**3 + 3*x**2 - 69. Let a(k) = k**2. Let o(l) = 2*a(l) - g(l). What is the remainder when o(0) is divided by 18?
15
Let c(t) = 3*t**2 + 55. Let h be c(0). What is the remainder when ((-10)/h - 1905/(-11)) + -1 is divided by 44?
40
Let r = -19 - -35. Let j = r - 14. Suppose 5*o = -5*u + 42 + 118, -4*o - 70 = -j*u. Calculate the remainder when u is divided by 18.
15
Suppose 0 = -12*l + 15*l - 9. Suppose 5*v - 4*v - 87 = -4*d, l*d + 291 = 3*v. Calculate the remainder when v is divided by 24.
23
Suppose 407 = -z + 409. What is the remainder when 13 is divided by z?
1
Let b be 5 + 1922 + 2 + 0 + -1. What is the remainder when 92 is divided by 4/(-30) - b/(-60)?
28
Suppose 22 = -p + 3*p. Let s be (-1)/(-3) - (-68)/(-51). What is the remainder when 43*s/(3 + -4) is divided by p?
10
Calculate the remainder when (8 - 1) + 141 - -1 is divided by 10.
9
Suppose -19*x - 34*x + 954 = 0. Suppose -2 - 128 = -2*m. What is the remainder when m is divided by x?
11
Suppose 7*q - 5*q - 12 = 0. Suppose q = -5*c + 1, -5*k = c - 254. Calculate the remainder when k is divided by 13.
12
Let t = 2153 + -1193. Suppose t = 2*r + 2*r. Suppose -3*i + 325 = 7*p - 3*p, -i = 3*p - r. Calculate the remainder when p is divided by 20.
19
Let x(h) = 4*h - 20. Let u be x(8). Let j(c) = c - 1. Calculate the remainder when 21 is divided by j(u).
10
Suppose -q - 2*d + 10 = 0, 3*q - 5*d = 6*q - 28. What is the remainder when (28/(-6) - -4) + 232/q is divided by 14?
10
Let s(m) = -5*m + 33. Calculate the remainder when s(-7) is divided by 7.
5
Suppose 0*n = -5*n + 615. Suppose 0 = 2*j + 3*j. Suppose j = 4*f + q - 104, -3*q + 40 = 5*f - 97. What is the remainder when n is divided by f?
23
Let a = 313 + -109. Suppose -k - 2*k - a = 0. Let y = -9 - k. Calculate the remainder when y is divided by 15.
14
Let q be (30/4)/(48/32). Suppose q*d + 17*d = 308. Calculate the remainder when 53 is divided by d.
11
Let a be ((-3)/(-12))/(3/24). Suppose 75 = 3*p - a*p. Suppose t = -4*t + p. What is the remainder when t is divided by 4?
3
Suppose -15*c + 109 = -161. Suppose -4*x + 112 = -20. What is the remainder when x is divided by c?
15
Suppose 0 = -88*j + 3*j + 2380. Calculate the remainder when 266 is divided by j.
14
Let l(o) = -o**2 + 12*o + 24. Let v(t) = t**2 - 9*t + 20. Let u be v(8). What is the remainder when 91 is divided by l(u)?
19
Suppose -5 = -2*v - 4*y - 19, y - 13 = 5*v. Calculate the remainder when 43 is divided by (26/(-3) + 3)*v.
9
Let l = 14 + 29. Let q = 628 + -612. Calculate the remainder when l is divided by q.
11
Let n = 6086 - 6071. Let u be (-1 - 1)/(4/16). What is the remainder when (-214)/u - (-1)/4 is divided by n?
12
Let q(i) = i**2 + 4*i + 2. Let x(j) = -6*j - 2*j**2 + 18 + 3*j**2 - 4*j - 5*j. Let o be x(14). Calculate the remainder when q(o) is divided by 13.
8
Let x = 646 + -603. What is the remainder when 386 is divided by x?
42
Suppose -1275 = -13*v - 66. Calculate the remainder when v is divided by 7.
2
Let t = 3 - -3. Suppose 5*q + 4*n - 26 = 7, 5*n = -4*q + 30. Suppose 3*x = q*x - 46. What is the remainder when x is divided by t?
5
Calculate the remainder when (93/62)/((-2)/(-68)) is divided by 49.
2
Let b(q) = q**3 - 10*q**2 + 4. Let n be b(6). Calculate the remainder when 28 is divided by (-2)/(-12) - n/24.
4
Let r be (66/9)/(6/792). Let v be r/(-48) + 1/6. Let y = 25 + v. Calculate the remainder when 9 is divided by y.
4
Suppose -31*t + 176 = 4*c - 28*t, -5*t = -3*c + 103. Let x(j) = 6*j**3 + j - 4. What is the remainder when x(3) is divided by c?
38
Let i be (-4)/(-6) + 1010/6. Let b = 339 - i. Suppose -17*s + 15*s = -b. Calculate the remainder when s is divided by 22.
19
Let g = 16 - 4. Suppose l - 39 + g = 0. What is the remainder when l is divided by (-8)/6*42/(-4)?
13
Let p = -57 + 53. What is the remainder when 46 - 15/(p + 1) is divided by 21?
9
Suppose -15 = -4*c - 2*j + 35, 4*j = -2*c + 40. Let b = 50 + c. Calculate the remainder when b is divided by 22.
16
Suppose 0 = m + 14 - 85. Suppose 2*f - m = -9. Calculate the remainder when 60 is divided by f.
29
Suppose 512 = -3*h + 2*m, -346 = h + h + m. Let c = 200 + -313. Let g = c - h. Calculate the remainder when g is divided by 20.
19
Let y be (-3 - 0)/((-15)/25). Suppose y*q = 2*q + 9. Calculate the remainder when 49 is divided by (5 - q)/((-2)/(-10)).
9
Calculate the remainder when 120/2*(-2)/(-4) is divided by 12.
6
Let i = -4 + 12. Suppose -3*g = -i*g + 75. What is the remainder when g is divided by 8?
7
Suppose 2*j + 218 = -5*a, -208 = 4*j + a + 228. Let b = j - -124. What is the remainder when 58 is divided by b?
13
Let i(o) = -4*o - 19. Let b be i(-6). Suppose 2*d - 36 = b*m, 2*m = 5*d - 142 + 31. What is the remainder when 68 is divided by d?
22
Suppose 4*d + 3*p - 34 = 3*d, 4*p - 192 = -5*d. Suppose -2*y = -v - 2*v - 13, 61 = 5*y + 2*v. Calculate the remainder when d is divided by y.
7
Suppose -t + 4*s = 2*t - 32, -2*t - s = -3. Suppose -4 = a + t*w, -2*a = -0*a - 3*w - 36. What is the remainder when 45 is divided by a?
9
Let b(t) = 6*t**2 - 30*t - 99. Calculate the remainder when 130 is divided by b(-3).
40
Let c(t) = -t**3 - 16*t**2 + 8*t - 28. What is the remainder when c(-17) is divided by 7?
6
Suppose 113*c - 119*c + 324 = 0. Calculate the remainder when 236 is divided by c.
20
Suppose -h + 3*k = 3*h - 174, 5*h - 208 = -k. Suppose n = -6*c + 2*c + h, 3*n = 4*c - 34. Calculate the remainder when 39 is divided by c.
9
Suppose -34*w + 1992 = -7800. What is the remainder when w is divided by 42?
36
Suppose p - 3*s = 3*p - 44, -p + 2*s = -36. What is the remainder when p is divided by 2 + 3/((-6)/(-16))?
8
Let u = -111 - -173. What is the remainder when u/4 + -3 - (-3)/(-6) is divided by 10?
2
Let s(x) = 2*x**2 - x - 1. Suppose -5*t = -107 + 87. Calculate the remainder when s(-2) is divided by t.
1
Let l(x) = -x**2 - 5*x - 2. Let d be l(-3). Suppose 2*z - d*b - 5 = b, -3*z - 3 = 3*b. Let n(c) = -c + 61. Calculate the remainder when n(z) is divided by 16.
13
Suppose -5*x - 192 = x. Calculate the remainder when (-4)/6 + (-131)/(-3) is divided by 2*-2*88/x.
10
Let o(i) be the first derivative of -i**2/2 + 3*i + 7. What is the remainder when 22 is divided by o(-2)?
2
Suppose -839 = -16*z - 391. Calculate the remainder when z is divided by 11.
6
Let u(h) = -40*h - 189. Calculate the remainder when 58 is divided by u(-5).
3
Suppose -3*x - 36 = -3*g, -4*g + 9*x - 6*x + 51 = 0. What is the remainder when 117 is divided by g?
12
Let n = 26 - 18. What is the remainder when (-28)/(-266) - ((-528)/38 + 1)